**4/12 - i**3/3 + i**2. Calculate g(f).
4
Let z(r) = -r + 6. Let a = -42 - -45. Give z(a).
3
Let g(f) be the third derivative of f**5/60 + 5*f**4/24 + 2*f**3/3 + f**2. Let h be (-4 - (3 - 4)) + -4 + 3. Calculate g(h).
0
Let y(v) = -v**3 + 6*v**2 + 7*v + 5. Let a be y(7). Let o(m) = 5*m**2 + 7*m + 2. Let r(d) = 3*d**2 + 5*d + 1. Let j(p) = a*o(p) - 8*r(p). Determine j(5).
2
Let u = -2 + -3. Let s(r) = 5*r**2 + 7*r - 8. Let a(d) = -3*d**2 - 5*d + 5. Let o(z) = u*s(z) - 8*a(z). Suppose -2*b - 8 = -4*b. What is o(b)?
4
Let d(v) = -v + 2. Suppose 75 = 5*h - 10*h. Let a be ((-25)/h)/(1/3). Suppose -3*k = -5*l - k - 4, a*k = -l + 10. Give d(l).
2
Let t be 8*(15/10 - (-3)/(-3)). Let k(z) = z**2 - 5*z + 5. Calculate k(t).
1
Let c(j) = 5*j**2. Let d be c(1). Let l(k) = 11*k - 2. Let p(r) = -5*r + 1. Let u(m) = d*p(m) + 2*l(m). Give u(-4).
13
Let m(o) be the third derivative of o**6/20 + o**5/60 - o**4/12 + o**3/6 - 11*o**2. Give m(1).
6
Let o = -4 + 8. Let f(m) = m**3 - 4*m**2 - 2*m + 2. Give f(o).
-6
Let b(i) = 2*i**2 - 2*i - 2. Let j be b(2). Let w(l) be the first derivative of -1/4*l**4 + l**2 + 3 - 3*l + 2/3*l**3. Determine w(j).
1
Let g be ((-24)/8)/(2/2) - -7. Let j(n) = -n**3 + 6*n**2 - n + 1. What is j(g)?
29
Let i be (-4)/18 - (-12)/54. Let j(k) = -3 - k**3 + 3 + k. Determine j(i).
0
Let b(h) be the first derivative of 1/4*h**4 + 2*h**3 + 0*h**2 + 6 + 8*h. What is b(-6)?
8
Let p(v) = -1 + 12*v - 4*v**2 - 4*v - 8 + 2. Let z(s) = -2*s**2 + 4*s - 4. Let t(r) = -3*p(r) + 5*z(r). Determine t(3).
7
Let i(k) = -3 + 6*k - 5*k - 2*k + 4. Determine i(-7).
8
Let b(u) = -u - 1. Let s be b(-6). Let q(h) = h**3 + 16*h**2 + h + 17. Let a be q(-16). Let c(g) = a - 8 + 1 + 3*g + 0*g. What is c(s)?
9
Suppose 0 = 2*m + m + 12. Let i(l) = -1 + 6 - 7*l + 8*l. Determine i(m).
1
Let w(o) = -o**2 + 2*o + 1. Let s be w(3). Let y = s - -5. Let r = 5 - y. Let h(k) = 2*k**3 - 3*k**2 + 3*k - 3. What is h(r)?
7
Let v(l) = 14*l**2 - l**3 - 7*l**2 + 7*l + 6 + 3*l**3 - l**3. Suppose -1 = -5*q - 31. Calculate v(q).
0
Let l be (-72)/14 + (-3)/(-21). Let m(q) = -q**2 - q + 6. Calculate m(l).
-14
Let v = 14 + -11. Let j(y) = -1 - y**v - 2*y**2 - 2 + 4 + 2*y. Determine j(-3).
4
Let l(d) = d - 7. Let w = -42 - -36. Determine l(w).
-13
Let k(s) = -s - 3. Let b(x) = 4*x + 4. Let r be b(3). Suppose 0 = 2*i + 2*j + 2*j + r, 0 = -i + 5*j - 1. Determine k(i).
3
Suppose 16*j - 19*j = -9. Let y(r) = -5*r + 5*r + 3*r - 2. Determine y(j).
7
Let l(n) = -7*n - 9. Let m be l(-2). Let u(y) = y**3 - 6*y**2 + 8*y - 3. Calculate u(m).
12
Let s(g) be the third derivative of -g**5/60 - g**4/6 + g**3/6 - g**2. Calculate s(3).
-20
Suppose 33 - 28 = -5*w. Let c(a) = -2*a + 1. Determine c(w).
3
Let t(g) = 4*g**3 + 13*g**2 - 15*g + 15. Let k(u) = 2*u**3 + 6*u**2 - 7*u + 7. Let q = 26 + -32. Let m(w) = q*t(w) + 13*k(w). Give m(1).
2
Let u(y) = 9*y**2 + 21*y + 15. Let k(b) = -4*b**2 - 10*b - 7. Let m(x) = 7*k(x) + 3*u(x). Determine m(-7).
-4
Let b(u) = -u + 3. Let v(f) = -f + 6. Let c(k) = -5*b(k) + 3*v(k). Let a(s) = -s - 1. Let j(y) = a(y) + c(y). What is j(6)?
8
Let h(f) be the third derivative of -f**5/60 + f**4/6 + 7*f**3/6 + 7*f**2. Let c be (2 - 2)*(2 - 1). Suppose -x + c*x + 5 = 0. Determine h(x).
2
Let o(m) = m**3 - m**2 - 2. Let j(a) = -5*a**3 + 6*a**2 + 11. Let x(q) = 2*j(q) + 11*o(q). Give x(1).
2
Let v be -1 - 0 - (-4 - 0). Let c(n) = -n**3 - n**2 - 1. Let o(a) = 5*a**3 + 7*a**2 + 2*a + 2. Let y(w) = 6*c(w) + o(w). Calculate y(v).
-16
Suppose 3*y = y - 5*b - 8, -5*b = -5*y + 15. Let o(p) = -12*p**2 + p. Give o(y).
-11
Let g(l) be the second derivative of 9*l - 1/2*l**2 + 0 + 1/3*l**3. Give g(1).
1
Let b(g) = 4*g**2 - 3. Suppose 4*k - 30 + 10 = 0. Let d(c) = 5*c**2 - c - 3. Let w(z) = k*d(z) - 6*b(z). Suppose -15 + 6 = -3*l. Calculate w(l).
-3
Let m(h) be the second derivative of -h**5/2 - h**3/6 + 21*h. Calculate m(-1).
11
Suppose -v + t + 1 = 0, 2*v + 5*t - 11 + 2 = 0. Let g(d) = 1 - v + d**3 + 3*d - 6*d**2 + 2*d. Suppose 12 = -4*f, 3*w - f = -6*f. What is g(w)?
-1
Let c(k) be the first derivative of k**3/3 + 5*k**2/2 + 3. Determine c(-6).
6
Let c(r) = -1 - r**2 - 4*r + 2*r - 4 + 6. Determine c(-4).
-7
Let n(g) be the second derivative of -g**4/24 - 3*g**2/2 + 7*g. Let u(x) be the first derivative of n(x). Determine u(-4).
4
Let a(f) = -f**3 + f**2 - f - 1. Let k(t) = -t**3 + 8*t**2 - 12*t - 9. Let y(w) = -2*a(w) + k(w). Determine y(-7).
14
Let z = 114 + -114. Let p(b) = b - 15. Calculate p(z).
-15
Suppose w + 158 = r + 3*r, 5*r + 5*w - 210 = 0. Let h be 10*-2*(-12)/r. Let x(p) = p**3 - 7*p**2 + 7*p - 4. What is x(h)?
2
Suppose -i = -0*i - 4. Let w(v) = 2*v - i*v + 3*v. What is w(1)?
1
Let m(l) = 8*l. Let o = -102 - -103. Give m(o).
8
Let y(s) = 7*s + 1. Let x(p) = p - 1. Let r(d) = 2*x(d) - y(d). Determine r(-2).
7
Let u(r) = 9 - 8 + r**3 + 2*r**2 + 3. What is u(-3)?
-5
Let u(q) = -8*q**3 + 4*q**2 + 5*q - 6. Let a(b) = 7*b**3 - 4*b**2 - 4*b + 5. Let s(v) = -7*a(v) - 6*u(v). Calculate s(3).
4
Let s(t) = -t**3 - 3*t**2. Let f = 52 - 55. Determine s(f).
0
Let c(u) = u**2 + u + 8. Let a(t) = -6*t + 6*t + 11 + t. Let z be a(-7). Suppose 0*r = -2*r + z*k + 20, -4*k = 20. Give c(r).
8
Suppose 0*n + 3*n = 9. Let f(l) = -l + l - 3*l**2 - n*l**3 + 4*l**3 - 4*l. Calculate f(4).
0
Let i(s) = -3*s - 7. Let m(o) = -o - 1. Let z(u) = -i(u) + 6*m(u). Suppose -2*b = v - 5, 3*b + 2*v = -2*v + 15. Let x be 1*b/(-1)*-3. Determine z(x).
-8
Let c(l) = 2*l**2 - 4*l**2 - 3*l**2 + 27*l**3 - 26*l**3 - 7. Calculate c(5).
-7
Let h(b) = -b + 10. Suppose 5*s - 4*u = 2*s - 12, -u + 3 = 4*s. Determine h(s).
10
Let d(z) = 0*z**3 - 3*z - 10 + 2*z + z**3 - 5*z**2 + 6*z**2. Calculate d(0).
-10
Let r(v) = -v**2 + 3*v + 2. Suppose 6 = -2*p - 0*p. Let o(t) = t**3 + 5*t**2 + 5*t + 2. Let x be o(p). Calculate r(x).
-8
Let x(k) = -4*k**3 + 28*k**2 + 5*k - 18. Let p(l) = 3*l**3 - 19*l**2 - 3*l + 12. Let m(h) = 7*p(h) + 5*x(h). What is m(-6)?
6
Let j = 11 + -7. Let t(x) = -x**3 + 4*x**2 - 2*x + 4. What is t(j)?
-4
Let p(j) = 4*j**2 + 13*j - 3. Let k(t) be the first derivative of -2*t**3/3 - 7*t**2/2 + 2*t - 3. Let s(z) = -5*k(z) - 3*p(z). Determine s(-3).
-7
Let h(c) be the third derivative of c**6/120 + 7*c**5/60 + c**4/8 - 2*c**3/3 + 4*c**2. What is h(-6)?
14
Let u(p) = -24*p**3 + 1. Let g(s) = -s + 4. Let n be g(3). Determine u(n).
-23
Let i(l) = -l**3 - 3*l**2 + 8*l + 8. Let y(b) = -b**3 - 2*b**2 + 5*b + 5. Let q(x) = 5*i(x) - 8*y(x). What is q(-1)?
-2
Let x(s) = -1 + 0 - 3*s + 3*s**2 + 4*s. Let u be x(1). Let n(v) = v**3 - 2*v**2 - 3*v - 4. Determine n(u).
-4
Suppose 2*f + 2*f + 14 = k, 0 = 2*k + 2*f + 2. Let m(z) be the third derivative of -z**5/30 - z**4/8 + z**3/3 - z**2. Determine m(k).
-12
Let a(s) = -s**3 - 3*s**2 + 4*s + 2. Let k be a(-4). Let r = k - 0. Let o(b) = -3*b + 6 - b - b**r - b. Give o(-5).
6
Let w = 6 - 6. Suppose w = 5*l - 16 - 4. Let c(b) = 3*b - 2 - 8*b + 4*b + l*b. Calculate c(-3).
-11
Let c(b) = 2*b**3 - 7*b**2 + 6*b + 2. Suppose -i - 6 = -5. Let h(w) = w**3 - w**2 + 1. Let v(x) = i*c(x) + h(x). Determine v(5).
-6
Let j(r) = -r**3 + r**2 - 4*r + 3. Let h(n) = -n**2 + 8*n - 5. Let a be h(7). Give j(a).
-9
Let r(o) = -6 - o - 2*o + 2. Give r(-4).
8
Let m(l) = l**3 - 3*l**2 - 5*l + 3. Let s(r) = r**3 - 2*r. Let j be s(2). What is m(j)?
-1
Let b(l) = 17*l**2 + 2. Let y(r) = -8*r**2 - 1. Let x(a) = -4*b(a) - 9*y(a). Calculate x(-1).
5
Let f(n) be the third derivative of -n**6/120 - n**4/12 + n**3/6 + 2*n**2 - 29. Calculate f(1).
-2
Let l(o) = -6*o + 0*o**2 - 2*o**2 - 10*o + 15*o. Give l(-2).
-6
Let t(x) = -3 + x**2 + 7 - x**3 - x + 5*x**2. Determine t(6).
-2
Let f(v) = -v - 3. Suppose -3*q + 7 + 11 = 0. Let i = 1 - q. Determine f(i).
2
Let r be (-8)/(-5) + (-2)/(-5). Let o(w) = w**2 - 7*w + 3. Let t(c) = c**2 - 6*c + 3. Let k(b) = 3*o(b) - 4*t(b). Give k(r).
-1
Let h be 0/(-5)*(0 + 1). Let k(m) = -m**2 + h + 4*m + 0*m**2 + 4 + 2*m**2. Give k(-4).
4
Let w be (-2)/6*(1 - -2). Let i(q) = -8*q. Determine i(w).
8
Let o(a) = a**3 - a**2 + 3*a + 2. Let f(x) = -x**3 + x**2 - 4*x - 3. Let g(u) = -4*f(u) - 5*o(u). Give g(2).
0
Let f(t) = -t - 3. Suppose -14 = -2*d - 2*g, 3*d - 5*g + 7 + 4 = 0. Let q(h) = -h - 3. Let v(n) = d*f(n) - 4*q(n). Let i = -8 - -5. What is v(i)?
0
Let j(l) be the third derivative of -l**6/40 -